+ 1243. Suppose s - i = -31. Is s a prime number?
False
Let j = 505 + 402. Is j a prime number?
True
Suppose 0 = 13*h + 2*h - 384945. Is h composite?
True
Suppose -2*y + 5*y = -4*q + 3, 3*q - y = 12. Suppose 4*b = q*g + 17, 2*g = 4*b + 1 - 7. Let f = g + 48. Is f a composite number?
False
Suppose 24*s - 309 = 93459. Is s composite?
False
Suppose 81*a - 53*a = 1394596. Is a a prime number?
True
Let u(f) = -f**3 + 18*f**2 - 2*f + 6. Let i be u(18). Is ((-45)/i)/(3/178) prime?
True
Suppose 6*l = -2405 - 1381. Is (l/(-2) + 0)/((-13)/(-78)) a prime number?
False
Suppose -y = 4*w - 180 - 185, 0 = -3*w + 5*y + 245. Let v = -67 + w. Is v a prime number?
True
Let l = -619 - -1362. Is l prime?
True
Let c(d) = -3*d**3 + 3*d**2 - 2*d. Let b be c(1). Is -5*(85/10)/(1/b) prime?
False
Suppose 0 = 3*d + 2*d - c - 352671, -2*c = -8. Is d prime?
False
Suppose -12*v + 5*v = -4739. Is v a composite number?
False
Let g(s) be the second derivative of -s**5/20 + s**4/2 - s**3 + 11*s**2/2 + 3*s. Let k be g(5). Suppose k*m = 3*m + 2169. Is m a composite number?
True
Suppose -13 + 1 = -v. Let n(l) = -17*l**3 - l**2 - 2*l + 5. Let m be n(-4). Suppose -v*q + m = -7*q. Is q prime?
False
Let q(o) = 22*o**2 + 5*o - 5. Let h be (6/7)/(7/(-49)). Is q(h) a composite number?
False
Let x(w) = 632*w**2 - 13*w + 3. Is x(-4) prime?
False
Suppose 2*z + 296 = 2394. Is z a prime number?
True
Suppose 4*f + 8 = -5*s - 5, 5*f - s = 20. Suppose f*o - 7 + 1 = 0. Suppose b - 1257 = -o*b. Is b composite?
False
Let a(y) = -y**3 + 8*y**2 - 11*y - 7. Let k be a(6). Let c = k - 0. Is (c + 2)*1*157 composite?
False
Is (-1040238)/(-162) + 4/(-18) a prime number?
True
Is (-10)/(-2) - (-30795 - (4 + 5)) prime?
True
Let z(a) be the third derivative of 47*a**5/12 + 5*a**4/24 + a**3/6 - 9*a**2. Is z(-3) a composite number?
True
Let b(g) = 50*g - 43 + 11 + 21 + 18. Is b(5) a composite number?
False
Suppose -137202 = -423*i + 384*i. Is i prime?
False
Let i(p) = 3*p**3 - 3*p**2 + 5*p. Let b be i(5). Suppose -5*u + u - 265 = 3*x, 0 = 5*u + 5*x + b. Let o = u - -164. Is o composite?
True
Let m(a) = 4*a**3 + 4*a**2 - 4*a + 4. Let x(n) = 5*n**2 + n - 2. Let j be x(1). Let y be m(j). Let c = y - -611. Is c a composite number?
False
Suppose 25*a + 0*a = 19925. Is a prime?
True
Suppose -5*w - 8*i = -6*i - 147421, 5*i - 147430 = -5*w. Is w a composite number?
False
Is 13976/36 + 5 - 2/9 a prime number?
False
Suppose -8*d + 3*d - 2*z = -11431, 3*d = z + 6863. Is d a prime number?
True
Suppose 3 - 1 = -2*h. Let j be h/(2/38) - -1. Is (-118 + 0)*9/j composite?
False
Suppose 0*n + 7242 = 6*n. Let k = n + -698. Let i = k - 326. Is i a composite number?
True
Is 8 + 2282 - ((-6)/3 - -1) a composite number?
True
Let m(c) = -11*c + 26. Let a be m(12). Let t = a - -353. Is t prime?
False
Let r = 10602 - 5199. Is r a composite number?
True
Suppose 3*n + r = 4*r + 3477, r - 2303 = -2*n. Suppose 4733 + n = 7*z. Is z a prime number?
False
Let w = -12 - -12. Suppose 2*u - 4*u - 144 = w. Let i = 311 + u. Is i composite?
False
Let u = -495 - 815. Let s = u + 1908. Suppose -p = 3*b + b - s, -4*b + 586 = -5*p. Is b a prime number?
True
Let o be (-3 - -10) + -4 + 6509. Suppose -4*z - 2076 + o = 0. Is z a composite number?
False
Let h = 24 + -22. Suppose h*z + 4*f = 726, -4*f = z - 33 - 322. Is z a composite number?
True
Let p be (-27 - -28)/(-1 + (-207)/(-206)). Suppose -2*s + 496 = t, 3*s - p = 5*t + 551. Is s composite?
True
Let j(t) = -t. Let f(k) = -250*k + 2. Let m(b) = -b**2 + 5*b + 5. Let z be m(6). Let i(q) = z*f(q) + j(q). Is i(3) prime?
False
Suppose -12*q = -10*q + 10. Is (-2 + 1)/((10/2446)/q) prime?
True
Suppose 3*m - 3772 = 4997. Is m composite?
True
Let j(k) = 35*k**2 + 1. Let r(f) = 175*f**2 + f + 5. Let w(m) = -m**2 + 8*m - 2. Let u be w(8). Let h(x) = u*r(x) + 11*j(x). Is h(1) prime?
False
Let i(a) = a**3 - a**2 - a + 1. Let u be i(2). Let f = u + -2. Is 377 + 1/f + 3 a composite number?
True
Suppose 41*f - 27*f - 113974 = 0. Is f a composite number?
True
Let i(j) = 265*j - 56. Is i(13) composite?
False
Let u(h) = 81*h + 34. Suppose -2*r + 5*i - 20 = -4*r, -56 = -4*r - 2*i. Is u(r) composite?
False
Suppose -2*h = 4*v - h - 24, -2*v = -3*h + 2. Suppose 2471 = 5*q - 3*l, v*q - 2*l = q + 1976. Is q composite?
True
Suppose -5*x + 30 = 10. Suppose -2*j - x = -8. Suppose -4*b - 4*h = -636, 4*b - 640 = -j*h - h. Is b a prime number?
True
Suppose -9*w - 18 = -54. Suppose -4*n - 4*h - 1310 = -5062, -w*h = -n + 918. Is n a composite number?
True
Let n(w) = 82*w**3 - 2*w**2 + 7*w + 5. Let c be n(6). Is (c/6 - 1) + (-6)/(-36) a prime number?
False
Suppose -3*u - 4*r = -20963, 5*r + 2 = -3. Is u prime?
False
Let k(j) = 6*j**3 - 2*j**2 + 3*j - 4. Suppose 6*i - i - 20 = 0. Suppose -13 = -3*u + p, -p = -i*u - 2*p + 8. Is k(u) a composite number?
False
Suppose 5*y = -5*o + 67515, 4*o - y - y - 54000 = 0. Is o a composite number?
True
Let h(m) = 3*m + 4. Let x be h(-2). Let o be -4*x/2 + 181. Suppose 0 = 3*i + 5*z - 193 - o, 2*i = 4*z + 230. Is i composite?
True
Let h(a) = 135*a - 32. Let i be h(-19). Let r = 3684 + i. Is r a prime number?
True
Is (648518/78)/(2/((-12)/(-2))) prime?
True
Let t be (0/(1 + -3 + 1))/1. Suppose t = 4*v - 4, -6*o + 4*o + 2*v = -2228. Is o a composite number?
True
Suppose 2047 = x - 3*j + j, -4 = -2*j. Is x composite?
True
Let x(n) = 18*n**3 + 2*n - 1. Let i = 17 - 16. Is x(i) composite?
False
Let b(j) = 22344*j**3 - 3*j**2 - 8*j + 10. Is b(1) composite?
False
Suppose -6 = -3*d, -4696 = 3*g + 5*d - 14459. Is g a prime number?
True
Suppose -2*j + 27097 = 3*t, j - 5*t - 13562 = -2*t. Is j a composite number?
False
Suppose 53474 = -4*w + 251214. Is w composite?
True
Suppose 4*g - 31874 = -2*y, 7*g = -2*y + 9*g + 31868. Is y composite?
True
Let z(f) = -f**2 + 5*f - 6. Let n be z(4). Let i(p) = -4*p - 5. Let w be i(n). Suppose -w*v + 628 = v. Is v a prime number?
True
Let w = 12 + -8. Is -6 - -6 - w/(4/(-353)) prime?
True
Let y = 34 - 39. Let g(r) be the third derivative of -23*r**4/24 + r**3 - 2*r**2. Is g(y) composite?
True
Let l be -3 + (5 - (2 + 0)). Let j(i) = -i**2 + 4*i + 4. Let t be j(3). Let x = t - l. Is x composite?
False
Let x be 10*((-9)/10 - 4/(-10)). Let m = -766 + 1150. Is 2/x - m/(-60) composite?
True
Suppose -4*z = 5*g + 6, -12*z - 12 = 4*g - 7*z. Suppose -g*a - 4826 = -4*a. Is a composite?
True
Let i(g) = -g**3 + 7*g**2 - 3*g - 15. Let k be i(5). Let n = k + -25. Is (n - 0)*2286/(-45) a composite number?
True
Let u(z) = -7*z**2 + 8*z + 12*z**2 - 4*z**2. Let n be u(-8). Suppose 2*g - 3*l = 65, 2*g + 2*g - 4*l - 136 = n. Is g a composite number?
False
Suppose 19 = -n - 36. Let i be ((-44)/(-6))/(1/(-18)). Let d = n - i. Is d prime?
False
Let b(n) = 113*n + 11. Let k be b(-11). Let m = -601 - k. Is m composite?
False
Suppose 0 = 2*q - 2, 12373 = 5*h + 6*q - 3*q. Is h a composite number?
True
Suppose 11*k - 108281 = 23356. Is k a prime number?
False
Let y(o) = -o**3 - 12*o**2 + 3. Let b = -36 - -24. Let n be y(b). Suppose -4*h = -4*x + 980, n*h + 530 = 4*x - 452. Is x a composite number?
True
Let k(r) = 368*r - 31. Let g be k(-5). Let q = g - -2658. Is q prime?
True
Suppose -76*q + 52*q + 522888 = 0. Is q a composite number?
False
Let s(o) = 31*o**2 + 3*o - 3. Let m = 4 + -4. Suppose m*t + 8 = 4*t. Is s(t) prime?
True
Suppose -3*t + 12 = -z, z + 12 = 3*t + 3*z. Suppose c + 1953 = 5*d - 2490, 4*d - 3564 = -t*c. Is d composite?
True
Is 5/(-2) - 141552/(-32) a prime number?
True
Let i(a) = 772*a + 182. Is i(11) prime?
False
Suppose -159 - 218 = 5*o + 3*b, -o = -b + 77. Let g = o - -489. Suppose -g = 5*h - 2248. Is h a composite number?
False
Suppose 0*b + 3*g = -5*b - 22, 4*b = 2*g. Let h be b + 51*2/6. Is ((-1685)/h)/(2/(-30)) prime?
False
Let j = 6025 - 1136. Is j a prime number?
True
Suppose 2*y - 5*w - 44093 = 0, -y + 8*w - 4*w = -22042. Is y composite?
True
Suppose -2*a = -3*m - 22714, -16*a - m + 56751 = -11*a. Is a a prime number?
True
Suppose -37 + 15 = -2*n. Let r(f) = 18*f**2 - 24*f - 17. Is r(n) a composite number?
True
Let p(y) = 11*y**3 - y + 1. Let m be ((-4)/20)/((-1)/5). Let i be p(m). Let r(t) = 6*t - 7. Is r(i) a prime number?
True
Let l be (1 - 6)*1 - -2 - -3. Suppose 5*z + l*o - 3152 = 3*o, -3*z - 5*o = -1898. Is z a composite number?
False
Suppose b = -p + 959, 4*p - 6*p =